{"id":510,"date":"2019-09-18T12:47:23","date_gmt":"2019-09-18T10:47:23","guid":{"rendered":"http:\/\/socialtransfert.com\/?page_id=510"},"modified":"2024-03-04T15:28:12","modified_gmt":"2024-03-04T14:28:12","slug":"ressources","status":"publish","type":"page","link":"https:\/\/socialtransfert.com\/index.php\/ressources\/","title":{"rendered":"Ressources"},"content":{"rendered":"\n\n\t<h1>Ressources<\/h1>\n<p>&nbsp;<\/p>\n2024 &#8211; Brossaud Claire, <strong>\u00ab\u00a0Retour sur 15 ann\u00e9es d&rsquo;exp\u00e9rience sur les communs\u00a0\u00bb, <\/strong>Rencontres pour une soci\u00e9t\u00e9 des communs, La Gait\u00e9 Lyrique, Paris, 3 f\u00e9vrier 2024.<strong><br \/>\n<\/strong>\n<p>2022 &#8211; Brossaud Claire, <strong>\u00ab\u00a0Accompagner la recherche participative : le dispositif tiers-veilleur\u00a0\u00bb, <\/strong>avec Cyril Fiorini, Techniques de l&rsquo;Ing\u00e9nieur, novembre 2022, <a href=\"https:\/\/www.techniques-ingenieur.fr\/base-documentaire\/innovation-th10\/sciences-techniques-et-societe-42697210\/accompagner-la-recherche-participative-le-dispositif-tiers-veilleur-ag123\/\">en ligne<\/a>.<\/p>\n<p>2021 &#8211; <strong>\u00ab\u00a0L&rsquo;innovation responsable au risque des communs scientifiques : le cas d&rsquo;un tiers espace de recherche\u00a0\u00bb<\/strong>. Intervention au Forum sur l&rsquo;innovation responsable (R\u00e9seau de recherche sur l&rsquo;innovation-Universit\u00e9 C\u00f4te d&rsquo;Opale), 2 juin 2021.<\/p>\n<p>2021 &#8211; Brossaud Claire, <strong>Coop\u00e9rer en temps de crise : la r\u00e9silience locale \u00e0 l&rsquo;\u00e9preuve du COVID 19,<\/strong> Lettre d&rsquo;information sur les risques et crises (LIREC), Institut des hautes \u00e9tudes du minist\u00e8re de l&rsquo;int\u00e9rieur (IHEMI), janvier 2021, <a href=\"https:\/\/inhesj.fr\/publications\/lirec\/quels-enjeux-pour-les-villes-de-demain\">Article<\/a> en libre acc\u00e8s.<\/p>\n<p>2020 &#8211; Brossaud Claire, \u00ab\u00a0L&rsquo;innovation collective \u00e0 l&rsquo;\u00e9preuve des usages en architecture\u00a0\u00bb, dans <strong>L&rsquo;innovation collective :<em> quand faire avec devient essentiel<\/em><\/strong>, sous la direction de Val\u00e9rie Collomb et Val\u00e9rie Lehmann, <a href=\"https:\/\/www.puq.ca\/catalogue\/livres\/innovation-collective-3667.html\">Presse Universitaire de Qu\u00e9bec<\/a>.<\/p>\n<p><img loading=\"lazy\" decoding=\"async\" src=\"http:\/\/socialtransfert.com\/wp-content\/uploads\/2020\/05\/Capture-d'e\u0301cran-2020-05-02-a\u0300-12.26.50.png\" alt=\"\" width=\"309\" height=\"187\" \/><\/p>\n<p>2020 &#8211; <strong>Libre acc\u00e8s et gouvernance partag\u00e9e, version digitale<\/strong>, La Revue Nature et Progr\u00e8s, dossier \u00ab\u00a0La voix des communs\u00a0\u00bb, juin 2020. <a href=\"https:\/\/www.natureetprogres.org\/revue-np-le-dossier-special-sur-les-communs-en-telechargement-libre-et-gratuit\/\">Revue en libre acc\u00e8s.<\/a><\/p>\n<p>2019 &#8211; <strong>Avis de recherche sur le logement social connect\u00e9<\/strong> :\u00a0 Interview pour le blog de la Smart Building Alliance, f\u00e9vrier 2019. <a href=\"https:\/\/www.smartbuildingsalliance.org\/les-locataires-face-au-digital-dans-le-logement-social\">En savoir plus<\/a>.<\/p>\n<p>2019 &#8211;\u00a0 \u00ab\u00a0<strong>Habitat et \u00e9nergie par la recherche-action participative<\/strong>\u00ab\u00a0, pr\u00e9sentation de la d\u00e9marche \u00e0 la <a href=\"http:\/\/www.ville-amenagement-durable.org\/Innovation-386\">Rencontre de l&rsquo;Innovation<\/a> du r\u00e9seau Ville et am\u00e9nagement durable, Lyon, 24 octobre 2019.<\/p>\n<p>2019 &#8211; Brossaud Claire, Fiori Sandra, Philippe Simay (Coord.) <strong><em>Communs urbains : nouveau droit de cit\u00e9 ?<\/em><\/strong>, <em>M\u00e9tropolitiques<\/em>, <a href=\"https:\/\/www.metropolitiques.eu\/Les-communs-urbains-nouveau-droit-de-cite.html\"><u>http:\/\/www.metropolitiques.eu\/<\/u><\/a>, juin 2019.<\/p>\n<p>2019 &#8211; Communs urbains, <a href=\"https:\/\/www.blog-saintvincentdepaul-leprojet.fr\/blog\/43\/petite-conference-5-les-communs-urbains\">Les petites conf\u00e9rences de Saint Vincent de Paul<\/a>, Les Grands Voisins, Paris, 17 juin 2019.<\/p>\n<p>2018 &#8211; <strong>Intelligentes, collaboratives, contributives&#8230; Comment seront les villes du futur<\/strong> ? <a href=\"https:\/\/www.valdemarne.fr\/newsletters\/conferences-de-lupedd\/les-differentes-villes-de-demain\">Cycle de trois conf\u00e9rences<\/a> pour le\u00a0 Conseil G\u00e9n\u00e9ral du Val de Marne, Champigny sur Marne, octobre-d\u00e9cembre 2018.<\/p>\n<p>2018 &#8211; <strong><em>Nos biens communs : l&rsquo;eau, l&rsquo;air, la connaissance<\/em><\/strong>, Festival Chemin faisant, <a href=\"https:\/\/www.editionspaulsen.com\/nos-biens-communs-2096.html\">Editions Paulsen<\/a>, 2018.<\/p>\n<p><img loading=\"lazy\" decoding=\"async\" src=\"http:\/\/socialtransfert.com\/wp-content\/uploads\/2020\/05\/Capture-d'e\u0301cran-2020-05-02-a\u0300-12.28.23.png\" alt=\"\" width=\"125\" height=\"176\" \/><\/p>\n<p>2018 &#8211; S\u00e9minaire <strong>\u00ab\u00a0Commun(s) et territoire(s)\u00a0\u00bb<\/strong>, Lyon, 19 juin 2018. <a href=\"https:\/\/reseaudesterritorialistes.fr\/2020\/02\/05\/seminaire-communs-et-territoires-lyon-2018\/\">En savoir plus<\/a>.<\/p>\n<p>2018 &#8211; Brossaud Claire, \u00ab\u00a0Conditions d&rsquo;\u00e9mergence et enjeux des communs scientifiques \u00e0 partir d&rsquo;une exp\u00e9rimentation lyonnaise\u00a0\u00bb, <em>tic&amp;soci\u00e9t\u00e9<\/em> [<a href=\"http:\/\/journals.openedition.org\/ticetsociete\/2435\">En ligne<\/a>], Vol. 12, N\u00b0 1 | 1er semestre 2018, mis en ligne le 31 mai 2018.<\/p>\n<p>2017 &#8211; \u00ab\u00a0Pour faire syst\u00e8me, les alternatives doivent changer d&rsquo;\u00e9chelles\u00a0\u00bb, <a href=\"https:\/\/vecam.org\/Pour-faire-systeme-les-alternatives-doivent-changer-d-echelle\">Interview<\/a> pour le journal <em>Politis<\/em>, republi\u00e9e par l&rsquo;association VECAM le 31 d\u00e9cembre 2017.<\/p>\n<p>2017 &#8211; <strong>Vers les communs de la connaissance. Demain, des savoirs en partage ?<\/strong> Table ronde, Festival Pop Sciences, Lyon, juin 2017. Voir la <a href=\"https:\/\/www.youtube.com\/watch?v=6Ia63ttigAw\">vid\u00e9o<\/a>.<\/p>\n<p>2017 &#8211; Table ronde sur \u00ab\u00a0Le num\u00e9rique dans les innovations collectives\u00a0\u00bb, Colloque \u00ab\u00a0Innovations collectives : Quels impacts sur les pratiques et les m\u00e9tiers de demain ?\u00a0\u00bb, UQAM, Entretiens Jacques Cartier, Montr\u00e9al, 17 octobre 2017.<\/p>\n<p><img loading=\"lazy\" decoding=\"async\" src=\"http:\/\/socialtransfert.com\/wp-content\/uploads\/2020\/05\/Capture-d'e\u0301cran-2020-05-02-a\u0300-12.33.00.png\" alt=\"\" width=\"337\" height=\"176\" \/><\/p>\n<p>2017 &#8211; Partage(s), r\u00e9inventer les biens communs. Festival Chemin Faisant, Chamonix, 1\/2 juillet 2017. <a href=\"https:\/\/festivalcheminfaisant.com\/edition-2017\/\">En savoir plus<\/a>.<\/p>\n<p>2017 &#8211; <em>Mettre en commun les connaissances : pour une d\u00e9mocratie du savoir<\/em>, Table ronde dans le cadre de l&rsquo;\u00e9v\u00e9nement \u00ab\u00a0D\u00e9mocratie : r\u00eaver, penser, agir ensemble\u00a0\u00bb, 10 mars 2017. Ecoutez le <a href=\"https:\/\/www.bm-lyon.fr\/spip.php?page=video&amp;id_video=952\">podcast<\/a>.<\/p>\n<p>2016 &#8211; <em>Scientific commons<\/em>, 3d Global Thematic IASC conference on the knowledge commons \u00ab\u00a0Advancing knowledge commons through legal and social changes International conference on the pooling of knowledge for science, culture and education\u00a0\u00bb, SciencesPo Paris, 22 octobre 2016.<\/p>\n<p>2016 &#8211; Brossaud Claire, Fiori Sandra, \u00ab\u00a0Les communs urbains : perspectives pour la recherche architecturale et urbaine\u00a0\u00bb, <a href=\"http:\/\/Lieux communs\"><em>Lieux communs <\/em><\/a>n\u00b018, \u00ab\u00a0Qu&rsquo;est ce qui fait laboratoire\u00a0?, d\u00e9cembre 2016, pp. 119-130.<\/p>\n<p>2015 &#8211;\u00a0<a href=\"https:\/\/villeencommuns.sciencesconf.org\/\">Faire la ville en (biens) communs<\/a>, Table ronde, atelier, forum. 8 partenaires, 200 personnes. Un \u00e9v\u00e9nement de festival \u00abLe temps des communs \u00bb et du Laboratoire EVS-LAURE, 10 octobre 2015.<\/p>\n<p>2015 &#8211; <em>La demande de traces appliqu\u00e9s au Smart Metering : activit\u00e9 r\u00e9flexive et\/ou mod\u00e9lisation des comportements ?<\/em>, <a href=\"https:\/\/transition-energetique.sciencesconf.org\/\">Colloque Sciences sociales et transitions \u00e9nerg\u00e9tiques<\/a>, Cit\u00e9 des territoires, Grenoble, 27 mai 2015.<\/p>\n<p>Pour toutes les ressources avant 2015 : c&rsquo;est <a href=\"https:\/\/laureensal.hypotheses.org\/files\/2016\/06\/CBrossaud_CV_long-EVS_LAURE_02_17.pdf\">ici. <\/a><\/p>\n\n","protected":false},"excerpt":{"rendered":"<p>Ressources &nbsp; 2024 &#8211; Brossaud Claire, \u00ab\u00a0Retour sur 15 ann\u00e9es d&rsquo;exp\u00e9rience sur les communs\u00a0\u00bb, Rencontres pour une soci\u00e9t\u00e9 des communs, La Gait\u00e9 Lyrique, Paris, 3 f\u00e9vrier 2024. 2022 &#8211; Brossaud Claire, \u00ab\u00a0Accompagner la recherche participative : le dispositif tiers-veilleur\u00a0\u00bb, avec Cyril Fiorini, Techniques de l&rsquo;Ing\u00e9nieur, novembre 2022, en ligne. 2021 &#8211; \u00ab\u00a0L&rsquo;innovation responsable au risqueLire la suite &rarr;<\/p>\n","protected":false},"author":1,"featured_media":0,"parent":0,"menu_order":0,"comment_status":"closed","ping_status":"closed","template":"","meta":{"footnotes":""},"_links":{"self":[{"href":"https:\/\/socialtransfert.com\/index.php\/wp-json\/wp\/v2\/pages\/510"}],"collection":[{"href":"https:\/\/socialtransfert.com\/index.php\/wp-json\/wp\/v2\/pages"}],"about":[{"href":"https:\/\/socialtransfert.com\/index.php\/wp-json\/wp\/v2\/types\/page"}],"author":[{"embeddable":true,"href":"https:\/\/socialtransfert.com\/index.php\/wp-json\/wp\/v2\/users\/1"}],"replies":[{"embeddable":true,"href":"https:\/\/socialtransfert.com\/index.php\/wp-json\/wp\/v2\/comments?post=510"}],"version-history":[{"count":65,"href":"https:\/\/socialtransfert.com\/index.php\/wp-json\/wp\/v2\/pages\/510\/revisions"}],"predecessor-version":[{"id":1748,"href":"https:\/\/socialtransfert.com\/index.php\/wp-json\/wp\/v2\/pages\/510\/revisions\/1748"}],"wp:attachment":[{"href":"https:\/\/socialtransfert.com\/index.php\/wp-json\/wp\/v2\/media?parent=510"}],"curies":[{"name":"wp","href":"https:\/\/api.w.org\/{rel}","templated":true}]}}