{"id":118,"date":"2019-04-15T14:14:26","date_gmt":"2019-04-15T12:14:26","guid":{"rendered":"http:\/\/socialtransfert.com\/?page_id=118"},"modified":"2024-01-02T16:25:56","modified_gmt":"2024-01-02T15:25:56","slug":"entreprendre-en-communs","status":"publish","type":"page","link":"https:\/\/socialtransfert.com\/index.php\/entreprendre-en-communs\/","title":{"rendered":"Design de communs"},"content":{"rendered":"\n\n\t<h1>Design de communs<\/h1>\n<p><img loading=\"lazy\" decoding=\"async\" src=\"http:\/\/socialtransfert.com\/wp-content\/uploads\/2019\/11\/communs.png\" alt=\"\" width=\"480\" height=\"270\" \/>Les communs d\u00e9signent\u00a0 l&rsquo;activit\u00e9 de collectifs qui g\u00e8rent ensemble et font perdurer des ressources naturelles ou de la connaissance : habitat participatif, jardin partag\u00e9, coop\u00e9rative industrielle, tiers lieu ou fab lab, communaut\u00e9 \u00e9nerg\u00e9tique, etc.<\/p>\n<p>Nous accompagnons les organisations (entreprises, institutions publiques, associations) et les individus \u00e0 mettre leurs services ou leurs projets sur la trajectoire d&rsquo;un commun. Nous rendons op\u00e9rationnelles les diff\u00e9rentes dimensions des communs (ressources, communaut\u00e9, gouvernance) au moyen d&rsquo;un design d&rsquo;intervention sp\u00e9cifique. Pour ce faire, nous utilisons des outils de management et d&rsquo;aide \u00e0 la d\u00e9cision collectifs.<\/p>\n<p>&nbsp;<\/p>\n<h3>R\u00e9f\u00e9rences :<\/h3>\n\t<p><img loading=\"lazy\" decoding=\"async\" src=\"http:\/\/socialtransfert.com\/wp-content\/uploads\/2022\/01\/Capture-de\u0301cran-2022-01-04-a\u0300-15.58.47.png\" alt=\"\" width=\"108\" height=\"110\" \/><\/p>\n<p>&nbsp;<\/p>\n<p>Mission d&rsquo;accompagnement dans le cadre du Programme de la Fondation de France \u00ab\u00a0<a href=\"https:\/\/www.fondationdefrance.org\/fr\/appels-a-projets\/reinventer-nos-communs-pour-amplifier-la-transition-ecologique\">R\u00e9inventez nos communs pour amplifier la transition \u00e9cologique<\/a>\u00a0\u00bb avec l&rsquo;association Haies et Chemins d&rsquo;Ouroux-en-Morvan sur trois week end en 2022.<\/p>\n\t<p><img loading=\"lazy\" decoding=\"async\" src=\"http:\/\/socialtransfert.com\/wp-content\/uploads\/2022\/03\/index.jpg\" alt=\"\" width=\"145\" height=\"145\" \/>Mission d&rsquo;accompagnement en conduite du changement aupr\u00e8s de la direction g\u00e9n\u00e9rale\u00a0 et des managers interm\u00e9diaires de l&rsquo;Institut G\u00e9ographique National dans le cadre de la nouvelle d\u00e9marche \u00ab\u00a0G\u00e9o-communs\u00a0\u00bb de l&rsquo;\u00e9tablissement. 2022.<\/p>\n\t<p><img loading=\"lazy\" decoding=\"async\" src=\"http:\/\/socialtransfert.com\/wp-content\/uploads\/2019\/11\/Capture-d'e\u0301cran-2019-11-19-a\u0300-17.00.14-150x150.png\" alt=\"\" width=\"150\" height=\"150\" \/><\/p>\n<p>Formation-action <a href=\"http:\/\/socialtransfert.com\/index.php\/2020\/04\/28\/entreprendre-en-communs-fevrier2020\/\">\u00ab\u00a0Entreprendre en communs\u00a0\u00bb<\/a>,\u00a0 avec O. Fr\u00e9rot. 5 sessions de formations de \u00e0 destination de dirigeants, des acteurs de l&rsquo;ESS et d&rsquo;\u00e9lus d&rsquo;Auvergne Rh\u00f4ne Alpes. De 2020 \u00e0 2022.<\/p>\n\t<p><img loading=\"lazy\" decoding=\"async\" src=\"http:\/\/socialtransfert.com\/wp-content\/uploads\/2019\/11\/index.jpg\" alt=\"\" width=\"109\" height=\"109\" \/><\/p>\n<p>&nbsp;<\/p>\n<p>Stage de formation \u00e0 distance \u00ab\u00a0<a href=\"https:\/\/sygefor.reseau-urfist.fr\/#\/training\/8378\/9437?from=true\">Enjeux et pratiques des communs scientifiques\u00a0\u00bb<\/a>, URFIST de Lyon, 8 et 9 octobre 2020.<\/p>\n<p>&nbsp;<\/p>\n\t<p><img loading=\"lazy\" decoding=\"async\" src=\"http:\/\/socialtransfert.com\/wp-content\/uploads\/2020\/04\/index-2.jpg\" alt=\"\" width=\"138\" height=\"143\" \/><\/p>\n<p>Dossier <em><a href=\"https:\/\/www.metropolitiques.eu\/Les-communs-urbains-nouveau-droit-de-cite.html\">Communs urbains : nouveau droit de cit\u00e9<\/a> ?, <\/em>coordonn\u00e9 par Claire Brossaud, Sandra Fiori et Philippe Simay dans <em>M\u00e9tropolitiques<\/em>, la revue des questions urbaines. Juin 2019.<\/p>\n\t<p>&nbsp;<\/p>\n<p><img loading=\"lazy\" decoding=\"async\" src=\"http:\/\/socialtransfert.com\/wp-content\/uploads\/2023\/12\/Sans-titre-300x115.png\" alt=\"\" width=\"327\" height=\"125\" \/><\/p>\n<p>&nbsp;<\/p>\n<p>Formation aux Communs urbains \u00e0 l&rsquo;intention des \u00e9l\u00e8ves de Master de l&rsquo;ENSAL (Ecole Nationale d&rsquo;architecture de Lyon). 5 sessions de 4 heures entre 2016 et 2019.<\/p>\n\t<p><img loading=\"lazy\" decoding=\"async\" src=\"http:\/\/socialtransfert.com\/wp-content\/uploads\/2019\/11\/logoVBC.png\" alt=\"\" width=\"146\" height=\"146\" \/><\/p>\n<p>Coordination du festival francophone \u00ab\u00a0Le temps des communs\u00a0\u00bb, avec l&rsquo;<a href=\"http:\/\/vecam.org\">association VECAM, <\/a>et de la journ\u00e9e d&rsquo;\u00e9tudes \u00ab\u00a0<a href=\"https:\/\/villeencommuns.sciencesconf.org\/\">Faire la ville en (biens) communs<\/a>\u00ab\u00a0, (Collectif Lyon en communs, Laboratoire EVS-LAURE), Octobre 2015.<\/p>\n\n","protected":false},"excerpt":{"rendered":"<p>Design de communs Les communs d\u00e9signent\u00a0 l&rsquo;activit\u00e9 de collectifs qui g\u00e8rent ensemble et font perdurer des ressources naturelles ou de la connaissance : habitat participatif, jardin partag\u00e9, coop\u00e9rative industrielle, tiers lieu ou fab lab, communaut\u00e9 \u00e9nerg\u00e9tique, etc. Nous accompagnons les organisations (entreprises, institutions publiques, associations) et les individus \u00e0 mettre leurs services ou leurs projetsLire la suite &rarr;<\/p>\n","protected":false},"author":1,"featured_media":0,"parent":0,"menu_order":0,"comment_status":"closed","ping_status":"closed","template":"","meta":{"footnotes":""},"_links":{"self":[{"href":"https:\/\/socialtransfert.com\/index.php\/wp-json\/wp\/v2\/pages\/118"}],"collection":[{"href":"https:\/\/socialtransfert.com\/index.php\/wp-json\/wp\/v2\/pages"}],"about":[{"href":"https:\/\/socialtransfert.com\/index.php\/wp-json\/wp\/v2\/types\/page"}],"author":[{"embeddable":true,"href":"https:\/\/socialtransfert.com\/index.php\/wp-json\/wp\/v2\/users\/1"}],"replies":[{"embeddable":true,"href":"https:\/\/socialtransfert.com\/index.php\/wp-json\/wp\/v2\/comments?post=118"}],"version-history":[{"count":57,"href":"https:\/\/socialtransfert.com\/index.php\/wp-json\/wp\/v2\/pages\/118\/revisions"}],"predecessor-version":[{"id":1727,"href":"https:\/\/socialtransfert.com\/index.php\/wp-json\/wp\/v2\/pages\/118\/revisions\/1727"}],"wp:attachment":[{"href":"https:\/\/socialtransfert.com\/index.php\/wp-json\/wp\/v2\/media?parent=118"}],"curies":[{"name":"wp","href":"https:\/\/api.w.org\/{rel}","templated":true}]}}

<h1>Design de communs</h1>
<p><img loading="lazy" decoding="async" src="http://socialtransfert.com/wp-content/uploads/2019/11/communs.png" alt="" width="480" height="270" />Les communs désignent  l&rsquo;activité de collectifs qui gèrent ensemble et font perdurer des ressources naturelles ou de la connaissance : habitat participatif, jardin partagé, coopérative industrielle, tiers lieu ou fab lab, communauté énergétique, etc.</p>
<p>Nous accompagnons les organisations (entreprises, institutions publiques, associations) et les individus à mettre leurs services ou leurs projets sur la trajectoire d&rsquo;un commun. Nous rendons opérationnelles les différentes dimensions des communs (ressources, communauté, gouvernance) au moyen d&rsquo;un design d&rsquo;intervention spécifique. Pour ce faire, nous utilisons des outils de management et d&rsquo;aide à la décision collectifs.</p>
<p>&nbsp;</p>
<h3>Références :</h3>
	<p><img loading="lazy" decoding="async" src="http://socialtransfert.com/wp-content/uploads/2022/01/Capture-décran-2022-01-04-à-15.58.47.png" alt="" width="108" height="110" /></p>
<p>&nbsp;</p>
<p>Mission d&rsquo;accompagnement dans le cadre du Programme de la Fondation de France « <a href="https://www.fondationdefrance.org/fr/appels-a-projets/reinventer-nos-communs-pour-amplifier-la-transition-ecologique">Réinventez nos communs pour amplifier la transition écologique</a> » avec l&rsquo;association Haies et Chemins d&rsquo;Ouroux-en-Morvan sur trois week end en 2022.</p>
	<p><img loading="lazy" decoding="async" src="http://socialtransfert.com/wp-content/uploads/2022/03/index.jpg" alt="" width="145" height="145" />Mission d&rsquo;accompagnement en conduite du changement auprès de la direction générale  et des managers intermédiaires de l&rsquo;Institut Géographique National dans le cadre de la nouvelle démarche « Géo-communs » de l&rsquo;établissement. 2022.</p>
	<p><img loading="lazy" decoding="async" src="http://socialtransfert.com/wp-content/uploads/2019/11/Capture-d'écran-2019-11-19-à-17.00.14-150x150.png" alt="" width="150" height="150" /></p>
<p>Formation-action <a href="http://socialtransfert.com/index.php/2020/04/28/entreprendre-en-communs-fevrier2020/">« Entreprendre en communs »</a>,  avec O. Frérot. 5 sessions de formations de à destination de dirigeants, des acteurs de l&rsquo;ESS et d&rsquo;élus d&rsquo;Auvergne Rhône Alpes. De 2020 à 2022.</p>
	<p><img loading="lazy" decoding="async" src="http://socialtransfert.com/wp-content/uploads/2019/11/index.jpg" alt="" width="109" height="109" /></p>
<p>&nbsp;</p>
<p>Stage de formation à distance « <a href="https://sygefor.reseau-urfist.fr/#/training/8378/9437?from=true">Enjeux et pratiques des communs scientifiques »</a>, URFIST de Lyon, 8 et 9 octobre 2020.</p>
<p>&nbsp;</p>
	<p><img loading="lazy" decoding="async" src="http://socialtransfert.com/wp-content/uploads/2020/04/index-2.jpg" alt="" width="138" height="143" /></p>
<p>Dossier <em><a href="https://www.metropolitiques.eu/Les-communs-urbains-nouveau-droit-de-cite.html">Communs urbains : nouveau droit de cité</a> ?, </em>coordonné par Claire Brossaud, Sandra Fiori et Philippe Simay dans <em>Métropolitiques</em>, la revue des questions urbaines. Juin 2019.</p>
	<p>&nbsp;</p>
<p><img loading="lazy" decoding="async" src="http://socialtransfert.com/wp-content/uploads/2023/12/Sans-titre-300x115.png" alt="" width="327" height="125" /></p>
<p>&nbsp;</p>
<p>Formation aux Communs urbains à l&rsquo;intention des élèves de Master de l&rsquo;ENSAL (Ecole Nationale d&rsquo;architecture de Lyon). 5 sessions de 4 heures entre 2016 et 2019.</p>
	<p><img loading="lazy" decoding="async" src="http://socialtransfert.com/wp-content/uploads/2019/11/logoVBC.png" alt="" width="146" height="146" /></p>
<p>Coordination du festival francophone « Le temps des communs », avec l&rsquo;<a href="http://vecam.org">association VECAM, </a>et de la journée d&rsquo;études « <a href="https://villeencommuns.sciencesconf.org/">Faire la ville en (biens) communs</a>« , (Collectif Lyon en communs, Laboratoire EVS-LAURE), Octobre 2015.</p>

<p>Design de communs Les communs désignent  l&rsquo;activité de collectifs qui gèrent ensemble et font perdurer des ressources naturelles ou de la connaissance : habitat participatif, jardin partagé, coopérative industrielle, tiers lieu ou fab lab, communauté énergétique, etc. Nous accompagnons les organisations (entreprises, institutions publiques, associations) et les individus à mettre leurs services ou leurs projetsLire la suite &rarr;</p>
